e
Is 951151 composite?
False
Is 93093773 a prime number?
True
Is 692633 composite?
True
Is 1443371 prime?
False
Is 10873561 a prime number?
True
Is 42862171 composite?
True
Is 287708191 a composite number?
False
Is 13030111 a composite number?
True
Is 5911289 prime?
True
Is 14964231 composite?
True
Is 19601719 prime?
True
Is 488829503 composite?
False
Is 1108687 a prime number?
False
Is 36872015 a composite number?
True
Is 12173971 prime?
True
Is 207051799 prime?
False
Is 15613669 prime?
True
Is 74057467 prime?
False
Is 63814313 a composite number?
False
Is 68431683 a prime number?
False
Is 3351245 a composite number?
True
Is 11630351 a composite number?
True
Is 573143 composite?
False
Is 17769091 a prime number?
True
Is 74142587 composite?
True
Is 13355197 composite?
False
Is 43700677 composite?
False
Is 1564741 composite?
False
Is 9876731 a prime number?
False
Is 1975091 composite?
False
Is 11074862 a composite number?
True
Is 566443817 a prime number?
True
Is 4694342 composite?
True
Is 15686141 a composite number?
True
Is 1919411 a prime number?
False
Is 4072451 a prime number?
False
Is 2011463 prime?
False
Is 71282219 prime?
True
Is 299339 composite?
True
Is 2694239 prime?
True
Is 135236863 a composite number?
True
Is 454121 a prime number?
False
Is 1039109 a composite number?
False
Is 18958691 prime?
False
Is 2821697 composite?
True
Is 39157505 composite?
True
Is 758233727 composite?
False
Is 164876573 composite?
False
Is 120517453 a prime number?
False
Is 2569799 composite?
False
Is 66436861 composite?
False
Is 3326599 composite?
True
Is 147834187 composite?
False
Is 5002121 composite?
True
Is 88653151 prime?
False
Is 63197087 a prime number?
True
Is 40449067 a composite number?
True
Is 81450089 prime?
False
Is 338664971 a prime number?
False
Is 963738461 a prime number?
False
Is 79528961 a prime number?
False
Is 105401201 a composite number?
True
Is 107262439 a prime number?
True
Is 216075991 a composite number?
True
Is 2860889 composite?
True
Is 867241 composite?
True
Is 2658751 prime?
True
Is 1079047 a prime number?
False
Is 926077 a prime number?
True
Is 5524679 a composite number?
True
Is 107824151 composite?
False
Is 10780309 a composite number?
False
Is 11295602 composite?
True
Is 1807346 composite?
True
Is 39613753 a prime number?
False
Is 16367849 composite?
True
Is 19439087 composite?
True
Is 31937137 composite?
True
Is 94477 composite?
False
Is 60452473 prime?
True
Is 114799019 a composite number?
False
Is 231704603 composite?
True
Is 1561202 prime?
False
Is 849419 a composite number?
False
Is 13886699 a composite number?
True
Is 904093 a prime number?
True
Is 11652481 a composite number?
False
Is 685781 prime?
True
Is 205864013 composite?
False
Is 8812801 a composite number?
False
Is 975179 composite?
True
Is 166462774 prime?
False
Is 3763999 a prime number?
True
Is 73933653 a prime number?
False
Is 3058127 composite?
False
Is 61787179 a composite number?
False
Is 32765582 prime?
False
Is 217384901 a prime number?
True
Is 303261229 prime?
False
Is 5445191 prime?
False
Is 46481 a prime number?
False
Is 790981 a prime number?
False
Is 7398041 prime?
False
Is 3328277 composite?
True
Is 101069 a composite number?
True
Is 2032717 a composite number?
True
Is 556013 composite?
True
Is 2940023 composite?
True
Is 276957713 a composite number?
False
Is 2873879 composite?
False
Is 1581413 composite?
False
Is 3803491 prime?
True
Is 181871 composite?
False
Is 637880303 prime?
False
Is 109703201 prime?
False
Is 693680693 composite?
True
Is 3611723 prime?
False
Is 1193107 prime?
True
Is 57251683 composite?
False
Is 14328313 composite?
False
Is 2408857 a prime number?
False
Is 14879153 a prime number?
True
Is 56023147 a composite number?
True
Is 134714029 a composite number?
True
Is 21997221 a composite number?
True
Is 1903771 prime?
False
Is 8095063 prime?
True
Is 8450179 composite?
False
Is 1123069 a composite number?
True
Is 226371043 composite?
False
Is 8707817 prime?
True
Is 52242119 a prime number?
False
Is 446983 prime?
True
Is 269658133 prime?
True
Is 697451 composite?
True
Is 22898741 a composite number?
True
Is 531101 composite?
False
Is 1854745 a composite number?
True
Is 6102158 composite?
True
Is 20401403 a prime number?
False
Is 946901 prime?
True
Is 254631011 prime?
True
Is 217734269 composite?
False
Is 8612463 a prime number?
False
Is 73307753 composite?
True
Is 716197 a composite number?
True
Is 14331589 composite?
False
Is 49191035 composite?
True
Is 4156409 a prime number?
True
Is 17657317 composite?
True
Is 6346555 prime?
False
Is 68326463 composite?
False
Is 2295451 a composite number?
False
Is 7458267 a prime number?
False
Is 124212661 a prime number?
True
Is 10729921 composite?
False
Is 627116339 a prime number?
False
Is 4456297 a prime number?
True
Is 149727751 a composite number?
False
Is 14751831 prime?
False
Is 691409 a prime number?
True
Is 23056401 composite?
True
Is 3991913 composite?
True
Is 264795811 a composite number?
True
Is 56633257 composite?
False
Is 48399431 composite?
False
Is 66560501 a prime number?
False
Is 2290861 a composite number?
False
Is 771394915 prime?
False
Is 81059 composite?
True
Is 26268409 a composite number?
True
Is 2535965 a composite number?
True
Is 1243867 a composite number?
True
Is 64764191 composite?
True
Is 13826399 composite?
True
Is 6342591 composite?
True
Is 8128339 prime?
False
Is 8638349 composite?
False
Is 4135735 prime?
False
Is 1057519 composite?
True
Is 795057179 prime?
False
Is 2141719 a composite number?
True
Is 123878747 prime?
True
Is 6004543 a composite number?
False
Is 2529272815 prime?
False
Is 453588845 prime?
False
Is 4164703 a composite number?
True
Is 90550127 a composite number?
False
Is 117075619 prime?
True
Is 6710717 prime?
False
Is 5304077 a composite number?
False
Is 6579413 a composite number?
True
Is 14809099 prime?
False
Is 90005213 a prime number?
False
Is 62338407 a prime number?
False
Is 9727391 a composite number?
False
Is 431478697 a prime number?
False
Is 117842243 prime?
False
Is 1345777 a composite number?
False
Is 90421753 a composite number?
False
Is 122687291 a composite number?
False
Is 4647611 prime?
True
Is 25443449 composite?
True
Is 434844551 a composite number?
False
Is 5477243 prime?
False
Is 300177949 composite?
True
Is 8263135 prime?
False
Is 110268061 prime?
True
Is 740171 composite?
False
Is 134849339 a prime number?
True
Is 261511339 prime?
True
Is 365992967 a prime number?
False
Is 49855667 a prime number?
True
Is 48769709 a prime number?
True
Is 12902339 a composite number?
False
Is 895582 composite?
True
Is 10877161 prime?
False
Is 562957993 prime?
False
Is 3379459 prime?
False
Is 499021 prime?
True
Is 159560029 a composite number?
False
Is 65352493 prime?
False
Is 963211 composite?
False
Is 10076681 composite?
False
Is 15136577 a composite number?
False
Is 1659011 a composite number?
False
Is 3181391 prime?
True
Is 3167747 a composite number?
True
Is 40134767 a composite number?
True
Is 1173511 composite?
False
Is 196803859 composite?
True
Is 755764231 a composite number?
True
Is 4791343 a prime number?
True
Is 180721 a composite number?
True
Is 5280553 prime?
True
Is 141000779 a prime number?
False
Is 7120115 prime?
False
Is 624917 a prime number?
True
Is 54475273 composite?
False
Is 26325295 a prime number?
False
Is 15910373 a prime number?
True
Is 17496827 a composite number?
False
Is 4072667 composite?
False
Is 110819 composite?
False
Is 14855761 composite?
False
Is 2906261 a prime number?
True
Is 5253601 prime?
False
Is 18159569 prime?
True
Is 1773069 a prime number?
False
Is 360940901 a composite number?
False
Is 1158973 prime?
False
Is 2693107 composite?
False
Is 10450621 a prime number?
True
Is 67836319 a composite number?
True
Is 6497831 a composite number?
False
Is 10930991 a prime number?
True
Is 128443921 a composite number?
False
Is 1366082 composite?
True
Is 26948851 prime?
False
Is 1700733 composite?
True
Is 87679379 a composite number?
False
Is 121963169 prime?
True
Is 32729881 composite?
False
Is 41699611 composite?
False
Is 1447008709 prime?
True
Is 4996379 a prime number?
False
Is 16736941 composite?
True
Is 8021638 composite?
True
Is 24491879 composite?
False
Is 423365 prime?
False
Is 7395139 a prim